*2 - 4*w + 8. Is o(-4) a multiple of 11?
False
Let k(x) = -x - 3 - 19*x**2 + 6*x**2 + 14*x**2 - 10*x. Is k(13) a multiple of 8?
False
Let o = 1350 - 1056. Is 3 a factor of o?
True
Let p = 1506 - 957. Does 9 divide p?
True
Let q(y) = -y - 2. Let m be -30*8/20*(-3)/(-3). Is 5 a factor of q(m)?
True
Suppose -23*r + 5538 = 3*r. Is r a multiple of 46?
False
Let g(l) = 8*l**2 + 9*l + 12. Does 11 divide g(-9)?
False
Let q(c) = c**2 + 12*c + 5. Let x be q(-11). Let h(d) = d. Let o(k) = -7*k + 6. Let f(p) = 4*h(p) + o(p). Does 8 divide f(x)?
True
Suppose o + 4*o - k - 1921 = 0, 1155 = 3*o - 3*k. Is 12 a factor of o?
True
Let s(p) = p**2 - 13*p + 18. Let k be 1 + 175/15 + (-8)/(-6). Is 7 a factor of s(k)?
False
Is 68 a factor of 14/(-6) - (-79651)/39?
True
Is ((-1)/2)/(25/(-53800)) a multiple of 28?
False
Let b = 77 - 70. Suppose 31 + 319 = b*v. Is v a multiple of 4?
False
Let t = -18 - -20. Suppose t*f - 96 - 30 = 0. Does 27 divide f?
False
Is 7 + 7 + -10 + 188 + -3 a multiple of 7?
True
Suppose -8*t = -3*t + 1005. Does 18 divide (2/((-12)/t))/((-2)/(-4))?
False
Is (-13 + 18)*-1 + (0 - -930) a multiple of 25?
True
Let v be 0 - -1 - (11 - 238). Suppose 4*d + 0*d = v. Let u = 86 - d. Is u a multiple of 19?
False
Let d(t) = -12*t**2 - 17*t + 50*t + 4*t**2 + 13*t**2 - 4. Does 3 divide d(-7)?
False
Let o(k) = 36*k - 108. Is 12 a factor of o(9)?
True
Suppose 5774 - 158 = 4*o. Is o a multiple of 54?
True
Let x = -910 - -1085. Is 34 a factor of x?
False
Suppose -g = -6*g + 15. Suppose 3*f - g*i - 48 = -0*i, -5*i = -3*f + 46. Is f a multiple of 6?
False
Suppose 0 = -55*i + 19054 + 3936. Is 4 a factor of i?
False
Suppose -61*l = -8064 - 5112. Is 8 a factor of l?
True
Let l(j) be the second derivative of 13*j**5/4 + j**4/12 + j**3/6 - j**2/2 - 2*j. Let p be l(1). Suppose -p = -4*y + 6. Is 6 a factor of y?
True
Let d = 68 - 40. Let r = d - -8. Suppose 4*s + r = 4*w, -w = -0*w + 3*s - 25. Is 13 a factor of w?
True
Let q = -236 - -516. Does 35 divide q?
True
Suppose -8 = -5*m + 7. Suppose m*w - 213 = z, 5*z + 129 = 5*w - 3*w. Does 34 divide w?
False
Suppose 163 = 3*w - 311. Let a = w + -90. Does 17 divide a?
True
Let c = -42 + 47. Let j(z) = -z**3 + 17*z**2 - 7*z + 4. Let n be j(14). Suppose 0 = -2*o + c*p + 209, 0 = -5*o - 0*p + 3*p + n. Does 30 divide o?
False
Let y be (5/(-1))/(1 + -2). Suppose -175 = -4*m + 5*p, -4*m - y*p = -0*p - 225. Is 15 a factor of m?
False
Suppose k + i - 7 = 0, 0 = 2*k - 2*i - 3 - 3. Suppose -1512 = -282*c + 261*c. Suppose -4*m - 3*u - u = -c, k*u = -3*m + 62. Does 3 divide m?
False
Suppose 0 = -5*l + 99 + 6. Suppose -x = -0*x - l. Does 7 divide x?
True
Suppose 161 = 5*n - 319. Is 12 a factor of n?
True
Does 8 divide -184*(-2 + 7/(-7))?
True
Suppose 3*r = -17 + 5. Let k be (r - 27/(-6))*0. Suppose k = -4*l - 3*n + 105, 7*n - 4*n = 2*l - 39. Is l a multiple of 14?
False
Let k(w) = w**3 - 2*w**2 + w + 1. Let t be k(2). Suppose -t = f - 6. Suppose f*s - 20 = 16. Does 11 divide s?
False
Let a(f) be the third derivative of f**5/60 + f**4/12 - 22*f**3/3 - 6*f**2 + 3*f. Does 24 divide a(18)?
False
Suppose 5*n + u = -3*u + 19, 0 = 3*n + 3*u - 12. Suppose 0 = -n*i + 2*y - 138 + 418, 0 = -i + 3*y + 84. Does 12 divide i?
True
Let f = 1784 + -1294. Is f a multiple of 15?
False
Let j be (96/(-40))/((-1)/(-5)). Is (((-9)/j)/(-1))/(5/(-840)) a multiple of 9?
True
Let c = 63 + 0. Let p be (-14)/c - (-40)/18. Is 14 a factor of (-1 + p)*(-28)/(-2)?
True
Let w be 48/(-16) - (2 - 2 - -18). Let x = 44 - w. Is 16 a factor of x?
False
Let b = -553 - -640. Does 3 divide b?
True
Does 50 divide (-25092)/(-126) - 6/(-7)?
True
Let x be 8/(-12) + 14/3. Suppose -54 = -x*n - 10. Suppose -n*v + 51 = -8*v. Does 7 divide v?
False
Suppose 0 = -3*m + j + 396, -9*j + 13*j = 5*m - 653. Does 6 divide m?
False
Let w(y) be the first derivative of -3*y**2 - y + 1. Let j be w(-2). Suppose 0 = 3*o - 146 + j. Does 13 divide o?
False
Let g(u) = 9*u**2 + 42*u + 274. Is 21 a factor of g(-15)?
False
Suppose 3*d = 3*o + 21, -2*o + 3*d + d = 10. Let j be (-6)/(42/o + 4). Suppose -3*v + 6 + 5 = p, 3*p - 3*v = j. Is p a multiple of 5?
True
Suppose 4*d - 344 = 856. Is d even?
True
Let w = -2384 - -4102. Is w a multiple of 24?
False
Let l(r) = 30*r - 52. Let y be l(5). Suppose 2*s - 6*s = -5*h + 242, 2*h - y = s. Does 4 divide h?
False
Let p(w) = 8*w - 10. Let h(j) = 1. Let v(m) = m**3 - 8*m**2 + 8*m - 2. Let g(t) = -2*h(t) + v(t). Let a be g(7). Is 8 a factor of p(a)?
False
Let k be (4 + -4 - -2) + -2. Suppose -369 = 3*q - k*q + 2*o, -5*q - 3*o - 615 = 0. Let y = 195 + q. Is 24 a factor of y?
True
Let p(u) = u**2 - 2*u. Let j be p(2). Suppose j = -5*l + 8*l - 12. Is (-2408)/(-70)*10/l a multiple of 15?
False
Let x = 6 - -2. Suppose -48 = x*b - 5*b. Is 17 a factor of (-45)/6*b/6?
False
Let a(p) = p**3 - 300 + 0*p**3 + 358 + p + p**2. Let o = 1 + -1. Is 29 a factor of a(o)?
True
Is 5 a factor of (3 + 3 - 27)/(-3 + 2)?
False
Is 16 a factor of (-19)/((-76)/4680) + -8?
False
Suppose -8602 = 32*s - 55*s. Is s a multiple of 22?
True
Let z(o) be the first derivative of o**3 - 3*o**2/2 - 4*o - 8. Is z(3) a multiple of 14?
True
Let l be 2/10 + 398/10. Suppose 4*k - 56 = l. Is 10 a factor of k?
False
Suppose -2*c + 0*f = 3*f - 12, -4*f = -16. Suppose -4*l + 479 + 149 = c. Suppose t = -2*t - 4*q + l, -5*t - 5*q + 255 = 0. Does 22 divide t?
False
Suppose 5*d = 7*s - 4*s - 4, 0 = -s - d + 4. Let u be (s - -1)/4 - -48. Let z = u - 23. Does 18 divide z?
False
Suppose 0 = -2*y - 6*z + 10*z + 168, -z = 5*y - 398. Is y a multiple of 40?
True
Let z(m) = m**3 - 4*m**2 - 17*m + 8. Let k be z(8). Suppose k = 5*j + 3*q, 0 = -2*j - 4*q + 5*q + 49. Is 5 a factor of j?
True
Suppose -3*l - 2*m - 53 + 14 = 0, -3*m = 0. Does 19 divide (-990)/l + 6/(-39)?
True
Suppose 7*t - 468 = 4*t. Suppose t = 3*d + 30. Suppose 2*g + 2 - d = 0. Does 14 divide g?
False
Does 64 divide (15 - -5)/(-4) - -1605?
True
Suppose 120*c - 19907 = 75613. Is 4 a factor of c?
True
Let g be -3*(-1)/((-3)/(-4)). Let t(q) = 2*q**2 + 0 - 1 + g*q**2 - 1. Does 12 divide t(-3)?
False
Suppose 0 = -4*z - 4*p - 28, 2*z + z + 5*p + 17 = 0. Is 30 a factor of (-16)/12 + (-1038)/z?
False
Let f(y) = 7*y + 1. Let h be (3/(-6))/((-5)/30). Is f(h) a multiple of 22?
True
Let p(o) = -o**3 - 25*o**2 + 26*o + 205. Is 13 a factor of p(-26)?
False
Let q(k) = -k**3 - 3*k**2 + 21*k + 49. Is 8 a factor of q(-10)?
False
Let i = -2783 + 7053. Is i a multiple of 14?
True
Let o = -1627 - -2834. Does 4 divide o?
False
Let f be (5 - 2)/(6/4). Suppose -11 = -2*b + 5*k, -4*b + f*k = -0*b - 14. Suppose -3*j + 39 = 6*p - p, -2*j = -b*p + 31. Is 2 a factor of p?
False
Let s be 2 - (-2 - -2) - 38. Let k be (-8)/s + (-16)/(-9). Suppose -12 = -4*v + k*c + 124, -2*c + 44 = v. Is 9 a factor of v?
True
Let r = 1857 + -1608. Is r a multiple of 18?
False
Let k be 4 + 3 + -5 + 2. Suppose k*u = -u + 2*l + 80, 5*l = -5*u + 45. Is 6 a factor of u?
False
Let i be -3*340/(-12) + (0 - 2). Let f be (-160)/(-1) + 2/1. Let q = f - i. Is 22 a factor of q?
False
Suppose -4*r + 120 = -14*r. Does 26 divide r/(-12) - 25/(-1)?
True
Let w(d) = 3*d**3 - 5*d**2 - 5*d - 5. Does 24 divide w(7)?
True
Let n(o) = -24*o**2 - o - 1. Let m be n(-3). Let y = 340 + m. Is 40 a factor of y?
False
Let y = 8 + 13. Suppose -6*o = -y + 3. Is (o/9)/((-5)/(-2355)) a multiple of 38?
False
Let g(t) = -t + 4. Let x be g(6). Let d(u) = -u**2 + u + 2. Let n be d(x). Is 13 a factor of (24 - -2)/((-2)/n)?
True
Suppose -a - 16 = -4*h, -4*h + 3*a + 2*a + 16 = 0. Let k(u) = 3*u**3 - 1 - 4*u**2 - h*u**3 - 7. Is k(-6) a multiple of 20?
False
Let z(x) = 2*x**2 + 11*x - 8. Let p be z(-6). Let q(r) be the second derivative of -7*r**5/20 - r**4/12 + 2*r**2 - 2*r. Is 8 a factor of q(p)?
True
Let t be ((-18)/15)/(3/45). Let o = -9 - t. Let q(y) = 7*y - 13. Is q(o) a multiple of 13?
False
Let f(s) = -s**3 + 3*s**2 + 6. Let b be f(3). Suppose -3*x + 0 = -b. Suppose x*n + 104 = 4*n. Does 8 divide n?
False
Suppose -4*r + g = -28, -g = r + 3*g + 10. Suppose 2*m - 4*f = r*m - 452, 0 = -5*m - 4*f + 565. Is m a multiple of 14?
False
Suppose -2*m - 109 = -697. Does 30 divide m?
False
Does 9 divide (-9 - (1 + -3)) + (1370 - 1)?
False
Suppose -45 = -s - 20. Does 4 divide s?
False
Let w = 12 - 11. Suppose -h + w = -5. Let m = 12 + h. Does 6 divide m?
True